et k = 18 - 15. Let b be n(k). Calculate the greatest common factor of b and r.
10
Suppose 1 = 3*r - r + 3*l, 3*r + 3*l - 3 = 0. Let d = 2 - r. Suppose d = -s - 0 + 9. Calculate the greatest common divisor of 72 and s.
9
Let c(j) = j**3 - 3*j**2 + j - 6. Let u be c(3). Let g(p) = 3*p**2 + p - 1. Let s be g(u). What is the greatest common factor of 69 and s?
23
Let p(i) = 24*i**2 + 24*i + 162. Let d be p(-5). Calculate the greatest common divisor of d and 6.
6
Let u be (-22)/(-66) - (-463)/(-3). Let v be (u/3)/((-4)/24). Calculate the greatest common divisor of v and 44.
44
Let q(l) = 85*l - 20. Let p be q(2). Suppose -5*g = -10*g + p. Calculate the highest common divisor of g and 120.
30
Suppose -5*v - d + 23 = d, 5*v = 2*d + 27. Let y = 84 + -80. Suppose 1 = -y*u + v*u. Calculate the highest common factor of 1 and u.
1
Let u = 31 - 5. Let t(w) = -12*w + 6*w + 5 - 9*w. Let i be t(-4). What is the greatest common divisor of i and u?
13
Suppose -587 = -4*y + 181. Calculate the greatest common factor of 24 and y.
24
Suppose 46*g - 480 = -66. Let r(q) = -11*q + 4. Let h be r(-7). Calculate the greatest common factor of g and h.
9
Let i = 25 + 15. Suppose -7 = -4*c + 5*d, -5*d + 23 = -2. What is the greatest common factor of c and i?
8
Let s be (-1)/1*-1 - -71. Let b = -19 + 19. Let o = 8 + b. What is the highest common divisor of s and o?
8
Let y be (-890)/45 + (-2)/9. Let h(q) = -q**3 - 22*q**2 - 39*q + 26. Let w be h(y). Suppose -38 = -4*l - 14. What is the highest common divisor of w and l?
6
Let q = 211 - 158. Calculate the highest common factor of 159 and q.
53
Let x(i) = i**2 + 2*i + 33 - 19 - 21. Let f be x(-5). Calculate the greatest common factor of 20 and f.
4
Let z(s) = s**3 + 22*s**2 + 20*s - 19. Let c be z(-21). Let o be c/4*(-2)/(-1). What is the greatest common factor of o and 8?
1
Suppose d = -j + 30, -4*j = -0*j - d - 120. Suppose 4*o - 6*o + j = 0. Let t be 18 - 3*(6 + -2 + -3). What is the greatest common factor of o and t?
15
Let v = 4 - -23. Let n = -42 + v. Let h = 45 + n. Calculate the greatest common divisor of h and 75.
15
Let y = 277 - 201. Suppose 4*d - 3 - 73 = 0. What is the highest common divisor of y and d?
19
Let j = 9 + 2. Suppose -3*a = -25 - j. Calculate the greatest common divisor of 108 and a.
12
Let k(v) = v**3 + 4*v**2 - v - 3. Suppose -2 = -2*w - 8. Let m be k(w). Calculate the highest common divisor of 9 and m.
9
Let l(q) = q**3 - 4*q**2 + 5*q + 4. Let b be l(5). Suppose 343 = -4*a + 415. Calculate the highest common factor of a and b.
18
Let k(p) = p**3 - 18*p**2 - p + 51. Let u be k(18). Let r be (-892)/(-3) - 2/6. What is the greatest common divisor of r and u?
33
Let v(q) = 2*q**2 - 4. Let g be v(-2). Let o be (5/(-2))/(g/(-80)). What is the greatest common divisor of 10 and o?
10
Suppose -2*a = -9 + 11. Let i be 3 - (0 - (1 - a)). Suppose 0 = 2*u + i*t + 7, 2*u - 5*t = -0*u + 23. Calculate the highest common divisor of u and 2.
2
Let w(i) = -i**2 - 2*i - 40. Let a be w(0). Let r = 64 + a. Let p be 12/(2/(5 - -3)). Calculate the greatest common factor of p and r.
24
Suppose -5*l = 2*o - 3392, -2*o + 3*l - l = -3378. What is the greatest common divisor of o and 89?
89
Let x = -43 - -112. Let q = 81 - x. Calculate the highest common factor of q and 42.
6
Let t(s) = -s - 2. Let d be t(-7). Let o be (25 - 27)/(2/(-25)*1). Suppose w = 2*w - o. Calculate the greatest common divisor of d and w.
5
Suppose -8*s = -s. Let o be s + (94/8 - (-2)/8). What is the greatest common divisor of o and 60?
12
Let q(x) = -x**2 + 4*x**2 - 5 + 4 - 2*x**3 - 1. Let n be q(2). Let d(f) = -2*f - 9. Let h be d(n). What is the greatest common factor of 3 and h?
3
Suppose -6*d = -7*d + 4. Suppose -4*g + 2*i + 3 = -7, 3 = d*g + 5*i. What is the highest common divisor of 1 and g?
1
Suppose 3*l - 2 = -4*i + 1, 3*i - 5 = -5*l. Suppose i = -4*f + 34 + 6. Let t(s) = 12*s - 15. Let z be t(f). Calculate the greatest common factor of z and 21.
21
Suppose 0 = -5*x + 7*x. Suppose x = -3*p + 2*p + 114. What is the greatest common factor of p and 38?
38
Suppose 2 = -5*r + 7. Suppose 0 = -3*w + 2 + r. What is the highest common factor of 5 and w?
1
Let l = -1083 - -1085. Let t(m) = -m**2 + 9*m + 8. Let a be t(7). Calculate the highest common factor of l and a.
2
Let w be 12*(-20)/(-56)*7. Suppose 0 = 12*v - w - 42. What is the highest common factor of 30 and v?
6
Let v = -51 - -73. Suppose -5*c - 4*j + v = 0, -3 + 1 = 5*c - 4*j. Suppose 7*p - 94 = c*p + w, 34 = p - 4*w. Calculate the highest common divisor of p and 45.
9
Suppose -4*f + 6*f - 8 = 0. Suppose -f*i - 14 = -42. Calculate the highest common factor of 56 and i.
7
Let o be (-3364)/(-14) - 396/1386. Suppose -27 = 2*j - 87. Calculate the highest common factor of o and j.
30
Let z = -18 - -32. Let x be -1 - 26 - (15 - 15). Let d = x + 41. What is the greatest common divisor of d and z?
14
Let j be -474*4*(-3)/(-9). Let t be j/(-18) - 1/9. What is the greatest common factor of t and 280?
35
Let o be -6*3/(54/(-48)). What is the greatest common factor of o and 432?
16
Let z(g) = 2*g + 4. Let h be z(11). Let m be 2/(-4) - h/(-4). Let b be (-1257)/(-5) + m/10. Calculate the highest common divisor of b and 28.
28
Suppose 2740*s + 2145 = 2753*s. Let x be (-4)/(-18) - 133/(-9). Calculate the greatest common factor of x and s.
15
Let u be 8*30/9*(-3)/4. Let p(a) = -a**3 - 19*a**2 + 18*a - 34. Let o be p(u). What is the greatest common factor of o and 21?
3
Suppose 3*o - 2 - 19 = 0. Let f = 0 + 1. Suppose 0 = 2*d + m - 13 - f, 28 = 4*d - 4*m. Calculate the highest common divisor of d and o.
7
Suppose 0 = 4*c + q - 5*q + 24, 48 = -5*c - q. Let k be (-6)/(-4)*(-3 - c). Let g(p) = p - 4. Let h be g(k). What is the highest common factor of 1 and h?
1
Let w = -110 + 160. Calculate the greatest common divisor of w and 500.
50
Suppose -2*t - 5*r - 11 = 0, -6 = 4*t - 4*r - 26. Suppose 3*c = -2*i - 0*c + 15, t*i + 5*c - 5 = 0. What is the greatest common divisor of i and 45?
15
Suppose -250*k = -271*k + 1491. Calculate the highest common divisor of k and 2.
1
Let h = 457 - 433. What is the highest common divisor of 256 and h?
8
Suppose 34 = -7*f - 29. Let o be 18/6*(-30)/f. Suppose 2*v + 3*v = 200. What is the highest common divisor of v and o?
10
Let o = -38 - -40. Suppose -r + 17 - o = 0. Calculate the greatest common factor of r and 15.
15
Suppose -8*n + 279 + 105 = 0. Let q be (n/(-15) - -3) + 52/10. Calculate the highest common factor of q and 5.
5
Let n be ((-320)/(-24))/(2/6). Let c = -134 + 311. Suppose 6*h + u = h + 297, c = 3*h + u. What is the greatest common factor of n and h?
20
Let f(z) = z**2 - 9*z + 8. Let t be 4 + 3 + 7 + 3. Let b = 27 - t. Let a be f(b). What is the highest common factor of 162 and a?
18
Let b(u) = -u + 8. Let p be b(0). Let w(k) = -15*k - 14*k + 6*k - k - 8. Let f be w(-4). Calculate the highest common factor of p and f.
8
Let d(g) = g + 5 + 19 - 11 - 2*g. Let o be d(-5). Suppose 2*k + 0 - o = 0. What is the greatest common factor of k and 18?
9
Suppose -864 = 43*b - 51*b. Calculate the greatest common divisor of b and 60.
12
Let l(y) = -y**3 - 8*y**2 - 15*y - 36. Let f be l(-8). What is the highest common divisor of 30 and f?
6
Let q(j) = -j**3 + 3*j + 5. Let x = 5 + -9. Let s be q(x). Let a = -41 + s. What is the highest common divisor of a and 4?
4
Suppose -22 = 3*u - 94. Let g be (-150)/(-8) + (-18)/u. Calculate the highest common divisor of g and 2.
2
Let n = -64 + 86. What is the greatest common factor of n and 154?
22
Suppose -5*z - 11 = -121. Suppose 5*g = 5, -y + 2*g - z = -3*y. Calculate the highest common factor of y and 80.
10
Let t = -14 + 21. Suppose -4*u - h + 75 = 0, -5*h - t = -2. Suppose 4081*a - 4125*a = -2508. Calculate the greatest common divisor of u and a.
19
Suppose -10 = -4*k + 2*g, 3*k + k - g - 11 = 0. Suppose 5*m - 3*w - 115 = w, -k*w = 5*m - 80. What is the highest common factor of m and 57?
19
Suppose -w + 2*w - 17 = -3*t, 3*t = -3*w + 45. Suppose -w*u + 6*u + 64 = 0. Calculate the greatest common divisor of u and 8.
8
Let v be ((-32)/6 + 1)/(2/(-6)). What is the greatest common divisor of 234 and v?
13
Suppose 2110 = 20*l + 1910. What is the greatest common factor of 128 and l?
2
Let l(z) = -30*z + 395. Let c(u) = -5*u + 66. Let f(r) = 35